 divided by d.
40
Suppose j - 2 = 0, 4*g - 5*j = 7*g + 29. Let l = g + 49. Calculate the remainder when l is divided by 15.
6
Let q = -266 + 4549. What is the remainder when q is divided by 126?
125
Let u(p) = -26*p + 15. Suppose -23*i = -21 - 301. Calculate the remainder when u(-10) is divided by i.
9
Suppose 7*s - 11635 + 1828 = 0. Calculate the remainder when s is divided by 62.
37
Suppose -3*w + 4*s - 26 = 0, 3 = -w - s + 6. Let x be (-85)/(4 + w + -3). Suppose 4*p = -p + x. Calculate the remainder when p is divided by 5.
2
Calculate the remainder when 115 is divided by (286/4)/(-11)*-2.
11
Let s = -8417 - -8588. What is the remainder when s is divided by 159?
12
Suppose 0 = 24*w - 21*w - 18. What is the remainder when 34 is divided by w?
4
Let i(f) = 8*f**3 + 2*f**2 - 81*f + 253. Calculate the remainder when i(4) is divided by 58.
9
Let w(z) = -z**3 + z**2 + z + 194. Let r be w(0). Let g = 327 - r. Calculate the remainder when g is divided by 23.
18
Suppose 22*s = 5*s + 442. Suppose s = 5*d - 54. Calculate the remainder when (2 + (-35)/2)*-6 is divided by d.
13
Let g = -9084 - -9095. Calculate the remainder when 125 is divided by g.
4
Suppose 0 = 4*m + 5*o - 500, 5*m - 655 = -o - 9. Let l = -13 + 19. Calculate the remainder when m is divided by (-2)/l - 200/(-6).
31
Suppose 2*z + 2 = 0, -22*o - 7*z + 2593 = -4*z. What is the remainder when o is divided by 23?
3
Let t(w) = -w**2 + 32*w + 4. Suppose 5*z + 99 = 2*u + 1, 4*z = -2*u + 116. Calculate the remainder when t(30) is divided by u.
10
Let b be (-2148)/(-24) + 1/2. Let a = b - 79. Suppose -a*q + 16*q = 50. Calculate the remainder when q is divided by 10.
0
Suppose 2*l - 3*l - 234 = -3*h, 2*l = 4*h - 310. Let f = -596 - -613. What is the remainder when h is divided by f?
11
Suppose 0 = -30*u - 3602 - 1348. Calculate the remainder when 106 is divided by 4/(-10)*u/(-99)*-27.
16
What is the remainder when ((-105)/42)/((-2)/328) is divided by 84?
74
Let d = -7923 - -9365. What is the remainder when d is divided by 34?
14
Let r = 64 - 35. Let h(n) = -83*n + 451. What is the remainder when h(3) is divided by r?
28
Let k = 436 - 422. Suppose -341 = k*z - 1951. Calculate the remainder when z is divided by 5.
0
Suppose 5*s - 5 = 25. Let v(n) = -n + 9. Let t be v(s). Suppose 3*q + 2*w = 47, -4*q - t*w + 77 = q. What is the remainder when 33 is divided by q?
7
Suppose 0 = -49*p + 47*p - 4*z + 176, -z = -3. Calculate the remainder when 89 is divided by p.
7
Let b(h) be the second derivative of h**3/3 - 7*h**2/2 + 5*h. Let o = 123 - 112. What is the remainder when b(29) is divided by o?
7
Let j be (1 - -30)/(20/40). Suppose n = 3*o + 72, 3*n = 5*o + 290 - j. Calculate the remainder when n is divided by 15.
6
Let q(h) be the first derivative of 7/3*h**3 + 5/2*h**2 + 9 + h - 1/4*h**4. Calculate the remainder when q(7) is divided by 10.
6
Suppose 4*y = 3*u + 405, -2*y + 0*u = -u - 201. Suppose -155*j - 869*j = 113*j + 132*j - 373086. Calculate the remainder when j is divided by y.
96
Suppose -2*d = -7*d + 420. Suppose -330*a + d = -328*a. Calculate the remainder when 167 is divided by a.
41
Let u be (-24)/(-18)*(-12)/(-4). Suppose u*l + 76 = -3*v, -3*v + 4*l - 70 + 26 = 0. What is the remainder when (-164)/v - 12/(-15) is divided by 6?
3
Suppose -s - 4*s + 225 = 0. Let j be (-2)/4 - s/(-6). Suppose 4*c = -g, 3*c - j - 18 = -2*g. Calculate the remainder when 77 is divided by g.
17
Let t = -62 + 67. Suppose 7*q + t*g - 70 = 2*q, 5*q - 4*g - 43 = 0. Suppose 9*r + 118 = q*r. What is the remainder when r is divided by 12?
11
Suppose 168 = -79*u + 85*u. What is the remainder when ((-259)/u - -11)*(-152)/(-2) is divided by 24?
13
Calculate the remainder when (-1)/(-18) - (-139450)/900 is divided by 60.
35
Suppose 3*v - 521 = -2*b - 0*b, 4*b = -8. Let d(h) = -h**3 - 7*h**2 + 3*h + 57. Calculate the remainder when v is divided by d(-3).
7
Calculate the remainder when 331 - -2 - (12 + (-357)/28)*8 is divided by 281.
58
Suppose -6 = -2*o - 2. Suppose 0 = -o*s + 6 + 184. Let l = -1575 + 1591. Calculate the remainder when s is divided by l.
15
Let c(l) = 20*l**2 + 29*l + 76. Calculate the remainder when c(-4) is divided by 15.
10
Let t be 264 + (-15)/(-3) + 0/3. Suppose 161 = -6*d + t. What is the remainder when 52 is divided by d?
16
Calculate the remainder when (-4)/(-22) - (-213020)/880 - 1/4 is divided by 74.
20
Let a(b) = 2*b**3 + 3*b**2 + 13*b - 6. Let x(c) = 2*c**3 + c**2 + 12*c - 6. Let t(u) = -6*a(u) + 5*x(u). What is the remainder when 93 is divided by t(-5)?
9
Let i = 859 + -816. Calculate the remainder when 70 is divided by i.
27
Let n(j) = -15*j**3 + 8*j**2 + 3*j. Let h be n(-5). Let p = -67 - -102. Calculate the remainder when (-6)/(-9) + h/15 is divided by p.
33
Let g = -506 + 526. What is the remainder when 390 is divided by g?
10
Let a = 93 - 186. Let g = a - -132. What is the remainder when 111 is divided by g?
33
Suppose 0 = 2*a - j + 69 - 112, 54 = 3*a - 3*j. What is the remainder when 1021 is divided by a?
21
Calculate the remainder when 58*((47 + -42)/10 - (-1)/2) is divided by 4*(-1)/4*-10.
8
Let a(i) = i**3 - 8*i**2 - 4*i - 9. Suppose -6*y + 15 = -3*y. Suppose -f - 346 = -y*n, -343 = -0*n - 5*n - 2*f. What is the remainder when n is divided by a(9)?
33
Suppose 0 = -3*l - o + 67 - 12, 4*o = 5*l - 103. Calculate the remainder when 54 + (-3)/(5 + -2) is divided by l.
15
Suppose 949 = 3*v - x, 3*x = -v + 4*x + 319. What is the remainder when 297 is divided by (8/(-6))/((-28)/v)?
12
Suppose 0 = -w + 48 + 46. Calculate the remainder when w is divided by 29 - (-16)/(-3 + -1).
19
Let p = 809 - 699. Suppose 5*y + m = 295, -3*y - p = 4*m - 287. What is the remainder when 345 is divided by y?
50
Let m(w) = -4*w + 71. Let i(q) = 13*q - 209. Let r(y) = -6*i(y) - 17*m(y). Calculate the remainder when 118 is divided by r(4).
6
Suppose -u - 2*u + 168 = 0. Calculate the remainder when (-512720)/(-5336) - 2/(-23)*-1 is divided by u.
40
Let i = 607 - 587. Calculate the remainder when 471 is divided by i.
11
Suppose 5*c - 5*o = 330, 4*c + 4*o = -0*o + 264. What is the remainder when c is divided by (36*7/98)/(9/63)?
12
Calculate the remainder when 1303 is divided by 1/8 - (-32)/(-512)*-382.
7
What is the remainder when 261 is divided by (-30)/(-25) - (-798)/35?
21
Let d be 24/54 - (-478)/18. Suppose d*z + 28 = 28*z. What is the remainder when 70 is divided by z?
14
Let w(d) = d**2 + 9. Suppose 4*q + 7*j - 536 = 11*j, 0 = 4*q + j - 526. Suppose -5*r = -43 - q. What is the remainder when r is divided by w(0)?
8
Let n(s) = 10*s - 2*s + 11*s**2 + 8 + 0 + s**3 + 5*s. Calculate the remainder when 206 is divided by n(-9).
47
Let i = 15629 - 15579. What is the remainder when 210 is divided by i?
10
Suppose 3*v + 4*h = 226 - 27, 3*h - 131 = -2*v. What is the remainder when 245 is divided by v?
26
Let i(q) = q**3 - 6*q**2 + 10*q - 40. Let s be i(5). Calculate the remainder when (-4 - 10/s)*-9 is divided by 15.
0
Suppose 0 = -7498*m + 7519*m - 3528. What is the remainder when m is divided by 127?
41
Suppose w + 53 = 55. Let q(i) = 60*i - 34. Calculate the remainder when q(w) is divided by 13.
8
Suppose -3*w = -3*g - 270, 5*g - 2*w + 442 = -5*w. Let m = 151 + g. What is the remainder when m is divided by 21?
20
Let w = -1771 - -2167. What is the remainder when w is divided by 166?
64
Let j = -1084 - -1162. Suppose -43*h = -j*h + 140. Suppose -6*p + p + 2*t + 39 = 0, 0 = -2*t + 6. Calculate the remainder when p is divided by h.
1
Suppose -4939*m - 24 = -4941*m. Calculate the remainder when 116 is divided by m.
8
Suppose 6*i = i - 4*u - 64, -i - 13 = u. Let d = -1 - i. Calculate the remainder when 184 is divided by d.
8
Let d be (172/(-6))/((-18)/81). Let t = -101 + d. Suppose 15*n = 841 + 389. Calculate the remainder when n is divided by t.
26
What is the remainder when 262 is divided by (-7 - 207/(-27))*60?
22
Let p = -127 - 59. Suppose -d - d - 190 = -2*s, -d - 4*s - 90 = 0. Let t = d - p. Calculate the remainder when t is divided by 19.
16
Suppose -s = -2*v + 69, -2*v - 5*s + 4 = -35. Calculate the remainder when (4 - -4)*-3*v/(-12) is divided by 24.
16
Suppose -2*x - 371 = d, 0*d - 4*d + 20 = 0. Let i = -914 - -780. Let w = i - x. What is the remainder when w is divided by 28?
26
Let s = -231 + 372. Let k = 55 + s.